{"id":822,"date":"2021-11-18T19:50:28","date_gmt":"2021-11-18T17:50:28","guid":{"rendered":"https:\/\/www.jomer.es\/tienda\/?post_type=product&#038;p=822"},"modified":"2025-10-21T09:29:12","modified_gmt":"2025-10-21T07:29:12","slug":"pochas-de-tudela-congeladas-bolsa-1kg","status":"publish","type":"product","link":"https:\/\/www.jomer.es\/tienda\/producto\/pochas-de-tudela-congeladas-bolsa-1kg\/","title":{"rendered":"Pochas de Tudela Congeladas (Caja de 10 Bolsas de 1kg)"},"content":{"rendered":"<div class=\"wpb-content-wrapper\"><p>[vc_row][vc_column][vc_column_text]Alubias Pochas de Tudela &#8211; Navarra<\/p>\n<p>*transporte a temperatura refrigerada[\/vc_column_text][vc_raw_js]JTNDc2NyaXB0JTNFJTIwJTBBJTBBJTBBJTJGJTJBJTJBJTBBJTIwJTJBJTIwQ29sbGFwc2UlMjB0aGUlMjBEZXNjcmlwdGlvbiUyMHRhYiUyMHdoZW4lMjBpdCUyMGNvbWVzJTIwZmlyc3QlMjBpbiUyMHRoZSUyMGFjY29yZGlvbiUwQSUyMCUyQSUyRiUwQXNldFRpbWVvdXQlMjhmdW5jdGlvbiUyOCUyOSUyMCU3QiUwQSUyMCUyMCUyMCUyMHZhciUyMCUyNHRhYnMlMjAlM0QlMjBqUXVlcnklMjglMjAlMjcud2MtdGFicyUyQyUyMHVsLnRhYnMlMjclMjAlMjkuZmlyc3QlMjglMjklM0IlMEElMjAlMjAlMjAlMjAlMjR0YWJzLnBhcmVudCUyOCUyOS5maW5kJTI4JTI3JTIzdGFiLWRlc2NyaXB0aW9uJTI3JTI5LmhpZGUlMjglMjklM0IlMEElMjAlMjAlMjAlMjAlMjR0YWJzLnBhcmVudCUyOCUyOS5maW5kJTI4JTIwJTI3LnRhYi10aXRsZS1kZXNjcmlwdGlvbiUyNyUyMCUyOS5yZW1vdmVDbGFzcyUyOCUyN2FjdGl2ZSUyNyUyOSUzQiUwQSU3RCUyQyUyMDEwMDAlMjklM0IlMEElMEElMkYlMkElMkElMEElMjAlMkElMjBDb2xsYXBzZSUyMHRoZSUyMFJldmlld3MlMjB0YWIlMjB3aGVuJTIwaXQlMjBjb21lcyUyMGZpcnN0JTIwaW4lMjB0aGUlMjBhY2NvcmRpb24lMEElMjAlMkElMkYlMEFzZXRUaW1lb3V0JTI4ZnVuY3Rpb24lMjglMjklMjAlN0IlMEElMjAlMjAlMjAlMjB2YXIlMjAlMjR0YWJzJTIwJTNEJTIwalF1ZXJ5JTI4JTIwJTI3LndjLXRhYnMlMkMlMjB1bC50YWJzJTI3JTIwJTI5LmZpcnN0JTI4JTI5JTNCJTBBJTIwJTIwJTIwJTIwJTI0dGFicy5wYXJlbnQlMjglMjkuZmluZCUyOCUyNyUyM3RhYi1yZXZpZXdzJTI3JTI5LmhpZGUlMjglMjklM0IlMEElMjAlMjAlMjAlMjAlMjR0YWJzLnBhcmVudCUyOCUyOS5maW5kJTI4JTIwJTI3LnRhYi10aXRsZS1yZXZpZXdzJTI3JTIwJTI5LnJlbW92ZUNsYXNzJTI4JTI3YWN0aXZlJTI3JTI5JTNCJTBBJTdEJTJDJTIwMTAwMCUyOSUzQiUwQSUwQSUyRiUyQSUyQSUwQSUyMCUyQSUyMENvbGxhcHNlJTIwdGhlJTIwQWRkaXRpb25hbCUyMEluZm9ybWF0aW9uJTIwdGFiJTIwd2hlbiUyMGl0JTIwY29tZXMlMjBmaXJzdCUyMGluJTIwdGhlJTIwYWNjb3JkaW9uJTBBJTIwJTJBJTJGJTBBc2V0VGltZW91dCUyOGZ1bmN0aW9uJTI4JTI5JTIwJTdCJTBBJTIwJTIwJTIwJTIwdmFyJTIwJTI0dGFicyUyMCUzRCUyMGpRdWVyeSUyOCUyMCUyNy53Yy10YWJzJTJDJTIwdWwudGFicyUyNyUyMCUyOS5maXJzdCUyOCUyOSUzQiUwQSUyMCUyMCUyMCUyMCUyNHRhYnMucGFyZW50JTI4JTI5LmZpbmQlMjglMjclMjN0YWItYWRkaXRpb25hbF9pbmZvcm1hdGlvbiUyNyUyOS5oaWRlJTI4JTI5JTNCJTBBJTIwJTIwJTIwJTIwJTI0dGFicy5wYXJlbnQlMjglMjkuZmluZCUyOCUyMCUyNy50YWItdGl0bGUtYWRkaXRpb25hbF9pbmZvcm1hdGlvbiUyNyUyMCUyOS5yZW1vdmVDbGFzcyUyOCUyN2FjdGl2ZSUyNyUyOSUzQiUwQSU3RCUyQyUyMDEwMDAlMjklM0IlMEElMEFzZXRUaW1lb3V0JTI4ZnVuY3Rpb24lMjglMjklMjAlN0IlMEElMjAlMjAlMjAlMjB2YXIlMjAlMjR0YWJzJTIwJTNEJTIwalF1ZXJ5JTI4JTIwJTI3LndjLXRhYnMlMkMlMjB1bC50YWJzJTI3JTIwJTI5LmZpcnN0JTI4JTI5JTNCJTBBJTIwJTIwJTIwJTIwJTI0dGFicy5wYXJlbnQlMjglMjkuZmluZCUyOCUyNyUyM3RhYi1yZWNldGFzJTI3JTI5LmhpZGUlMjglMjklM0IlMEElMjAlMjAlMjAlMjAlMjR0YWJzLnBhcmVudCUyOCUyOS5maW5kJTI4JTIwJTI3LnRhYi10aXRsZS1yZWNldGFzJTI3JTIwJTI5LnJlbW92ZUNsYXNzJTI4JTI3YWN0aXZlJTI3JTI5JTNCJTBBJTdEJTJDJTIwMTAwMCUyOSUzQiUwQSUwQSUyMCUzQyUyRnNjcmlwdCUzRQ==[\/vc_raw_js][\/vc_column][\/vc_row]<\/p>\n<\/div>","protected":false},"excerpt":{"rendered":"<p><strong>Alubias Pochas de Tudela<\/strong><\/p>\n<p>Producto de primera categor\u00eda. Es un producto que se env\u00eda congelado y en transporte r\u00e1pido.<\/p>\n<p>El transporte es gratuito en cajas fabricadas con polipropileno expandido. Este embalaje es apto para el reparto de alimentos en bares, restaurantes, puestos de mercado, empresas de catering, etc. Adem\u00e1s, dentro de las cajas se incluyen placas de fr\u00edo para mantener la temperatura constante.<\/p>\n<p><strong>IVA Incluido y env\u00edo gratis.<\/strong><\/p>\n<p>Producto envasado al vac\u00edo en su temporada y en el punto \u00f3ptimo de maduraci\u00f3n y sabor y con sus propiedades organol\u00e9pticas intactas: color, sabor, olor y textura.<\/p>\n<p>*transporte a temperatura refrigerada<\/p>\n<div style=\"width: 100%; background: #f1f1f1; margin-top: 10px; margin-left: 10px; margin-bottom: 10px; padding: 8px;\"><i class=\"fa fa-truck\"> <\/i>\u00a0 \u00a0Env\u00edo Express gratis<br \/>\n<i class=\"fa fa-credit-card\"> <\/i>\u00a0\u00a0\u00a0Precios de mayorista<br \/>\n<i class=\"fa fa-thumbs-o-up \"> <\/i>\u00a0\u00a0\u00a0Los mejores precios de internet<\/div>\n","protected":false},"featured_media":2069,"comment_status":"closed","ping_status":"closed","template":"","meta":[],"product_brand":[],"product_cat":[15,31],"product_tag":[109,76,115,105,104,110,114],"class_list":{"0":"post-822","1":"product","2":"type-product","3":"status-publish","4":"has-post-thumbnail","6":"product_cat-otros","7":"product_cat-verduras","8":"product_tag-distribuidor-pochas-alubias","9":"product_tag-huerta-navarra","10":"product_tag-mayorista-pochas-tudelanas","11":"product_tag-pochas","12":"product_tag-pochas-de-tudela","13":"product_tag-pochas-navarras","14":"product_tag-potxas-tudela","16":"first","17":"instock","18":"taxable","19":"shipping-taxable","20":"purchasable","21":"product-type-simple"},"_links":{"self":[{"href":"https:\/\/www.jomer.es\/tienda\/wp-json\/wp\/v2\/product\/822","targetHints":{"allow":["GET"]}}],"collection":[{"href":"https:\/\/www.jomer.es\/tienda\/wp-json\/wp\/v2\/product"}],"about":[{"href":"https:\/\/www.jomer.es\/tienda\/wp-json\/wp\/v2\/types\/product"}],"replies":[{"embeddable":true,"href":"https:\/\/www.jomer.es\/tienda\/wp-json\/wp\/v2\/comments?post=822"}],"wp:featuredmedia":[{"embeddable":true,"href":"https:\/\/www.jomer.es\/tienda\/wp-json\/wp\/v2\/media\/2069"}],"wp:attachment":[{"href":"https:\/\/www.jomer.es\/tienda\/wp-json\/wp\/v2\/media?parent=822"}],"wp:term":[{"taxonomy":"product_brand","embeddable":true,"href":"https:\/\/www.jomer.es\/tienda\/wp-json\/wp\/v2\/product_brand?post=822"},{"taxonomy":"product_cat","embeddable":true,"href":"https:\/\/www.jomer.es\/tienda\/wp-json\/wp\/v2\/product_cat?post=822"},{"taxonomy":"product_tag","embeddable":true,"href":"https:\/\/www.jomer.es\/tienda\/wp-json\/wp\/v2\/product_tag?post=822"}],"curies":[{"name":"wp","href":"https:\/\/api.w.org\/{rel}","templated":true}]}}