{"id":750,"date":"2021-05-02T12:35:56","date_gmt":"2021-05-02T10:35:56","guid":{"rendered":"https:\/\/www.jomer.es\/tienda\/?page_id=750"},"modified":"2021-05-02T13:05:02","modified_gmt":"2021-05-02T11:05:02","slug":"comprar-verduras-com-bizum","status":"publish","type":"page","link":"https:\/\/www.jomer.es\/tienda\/comprar-verduras-com-bizum\/","title":{"rendered":"Comprar verduras com Bizum"},"content":{"rendered":"<div class=\"wpb-content-wrapper\"><p>[vc_row][vc_column][vc_column_text]<\/p>\n<div class=\"element__holder\">\n<div class=\"element__holder__bottom\">\n<p>Bizum, como m\u00e9todo de pago instant\u00e1neo de cuenta a cuenta, ofrece la m\u00e1xima garant\u00eda de seguridad conforme a los est\u00e1ndares regulados por la Uni\u00f3n Europea y la legislaci\u00f3n espa\u00f1ola. El pago se realiza de forma totalmente segura con Bizum a trav\u00e9s de tu banco, que es qui\u00e9n finalmente valida la operaci\u00f3n.<\/p>\n<div class=\"element__holder\">\n<div class=\"element__holder__bottom\">\n<p>Pagar con Bizum no tiene coste alguno para el usuario.<\/p>\n<\/div>\n<\/div>\n<\/div>\n<\/div>\n<p>[\/vc_column_text][vc_custom_heading text=\u00bbC\u00f3mo funciona la clave Bizum\u00bb font_container=\u00bbtag:h4|text_align:left\u00bb][vc_column_text]Para garantizar la seguridad de los pagos con Bizum en comercios online, existe un sistema de identificaci\u00f3n personal. Se trata de una <strong>clave de cuatro d\u00edgitos<\/strong> que funciona de forma similar al PIN de una tarjeta de cr\u00e9dito. Solo tendr\u00e1s que crearla una vez para utilizarla en todas tus operaciones online en los comercios que tengan disponible el bot\u00f3n de pago con Bizum. Tienes dos v\u00edas para activarla:<\/p>\n<p><strong>1. A trav\u00e9s de la app de tu banco.<\/strong> Deber\u00e1s acceder en tu m\u00f3vil a la app en la que tengas el servicio de Bizum, que puede ser en la propia app de tu banco o en una app externa tipo wallet. En las opciones de uso deber\u00e1s activar el pago en comercios online y a continuaci\u00f3n podr\u00e1s crear tu clave.<\/p>\n<p><strong>2. Haz clic en el bot\u00f3n \u201c\u00a1Obt\u00e9n tu clave!\u201d en el <\/strong><a href=\"https:\/\/bizum.es\/obtener-clave-bizum\/\" target=\"_blank\" rel=\"noopener\"><strong>apartado que encontrar\u00e1s en esta web<\/strong><\/a><strong>. <\/strong>A continuaci\u00f3n, debes seleccionar tu banco entre la lista . Despu\u00e9s, te redirigiremos a la p\u00e1gina de tu entidad bancaria y solo tendr\u00e1s que seguir unos sencillos pasos.<\/p>\n<p>Recuerda que, en caso de cambiar de banco, deber\u00e1s crear una clave Bizum nueva. Por otro lado, puedes modificar tu clave en el momento que lo desees a trav\u00e9s de la app de tu banco.[\/vc_column_text][vc_custom_heading text=\u00bb\u00bfC\u00f3mo pago con Bizum en Verduras de Tudela?\u00bb font_container=\u00bbtag:h4|text_align:left\u00bb][vc_column_text]<\/p>\n<ol>\n<li>Elige la opci\u00f3n pagar con Bizum al finalizar la compra<\/li>\n<li>Introduce tu tel\u00e9fono y la clave<\/li>\n<li>\u00a1Listo! Compra realizada.<\/li>\n<\/ol>\n<p>[\/vc_column_text][\/vc_column][\/vc_row][vc_row][vc_column][vc_video link=\u00bbhttps:\/\/youtu.be\/_xfbM_tpdF0&#8243;][\/vc_column][\/vc_row]<\/p>\n<\/div>","protected":false},"excerpt":{"rendered":"<p>[vc_row][vc_column][vc_column_text] Bizum, como m\u00e9todo de pago instant\u00e1neo de cuenta a cuenta, ofrece la m\u00e1xima garant\u00eda de seguridad conforme a los&hellip; <\/p>\n","protected":false},"author":1,"featured_media":0,"parent":0,"menu_order":0,"comment_status":"closed","ping_status":"closed","template":"","meta":{"footnotes":""},"class_list":["post-750","page","type-page","status-publish","hentry"],"_links":{"self":[{"href":"https:\/\/www.jomer.es\/tienda\/wp-json\/wp\/v2\/pages\/750","targetHints":{"allow":["GET"]}}],"collection":[{"href":"https:\/\/www.jomer.es\/tienda\/wp-json\/wp\/v2\/pages"}],"about":[{"href":"https:\/\/www.jomer.es\/tienda\/wp-json\/wp\/v2\/types\/page"}],"author":[{"embeddable":true,"href":"https:\/\/www.jomer.es\/tienda\/wp-json\/wp\/v2\/users\/1"}],"replies":[{"embeddable":true,"href":"https:\/\/www.jomer.es\/tienda\/wp-json\/wp\/v2\/comments?post=750"}],"version-history":[{"count":0,"href":"https:\/\/www.jomer.es\/tienda\/wp-json\/wp\/v2\/pages\/750\/revisions"}],"wp:attachment":[{"href":"https:\/\/www.jomer.es\/tienda\/wp-json\/wp\/v2\/media?parent=750"}],"curies":[{"name":"wp","href":"https:\/\/api.w.org\/{rel}","templated":true}]}}