{"id":3,"date":"2021-03-16T19:46:02","date_gmt":"2021-03-16T19:46:02","guid":{"rendered":"http:\/\/jomer.es\/tienda\/?page_id=3"},"modified":"2026-01-13T15:04:04","modified_gmt":"2026-01-13T13:04:04","slug":"politica-privacidad","status":"publish","type":"page","link":"https:\/\/www.jomer.es\/tienda\/politica-privacidad\/","title":{"rendered":"Pol\u00edtica de privacidad \/ Aviso Legal"},"content":{"rendered":"<div class=\"wpb-content-wrapper\"><p>[vc_row][vc_column][vc_column_text]<\/p>\r\n<h2 class=\"wp-block-heading\">Identidad del titular de este sitio web<\/h2>\r\n\r\n<p>Raz\u00f3n Social Jomer Seleccion S.L.<br \/>Direcci\u00f3n: c\/corella s\/n, 31500 Tudela, Navarra.<br \/>Tel\u00e9fono 948820641<br \/>Email tienda@jomer.es<br \/>CIF B71017818<\/p>\r\n<p><em>Registro sanitario 2119056\/NA<\/em><\/p>\r\n\r\n<p>El Titular del presente Sitio Web tiene entre sus objetivos prioritarios garantizar a sus clientes y usuarios una absoluta confidencialidad de los datos aportados por los mismos. En este sentido, se compromete plenamente con la protecci\u00f3n de los datos personales de los usuarios del presente Sitio Web, a tenor de lo establecido en la normativa vigente y especialmente en el Reglamento General Europeo de Protecci\u00f3n de Datos.<\/p>\r\n\r\n<p>&nbsp;<\/p>\r\n\r\n<h3 class=\"wp-block-heading\"><strong>\u00bfQUI\u00c9N ES EL RESPONSABLE DE SUS DATOS?<\/strong><\/h3>\r\n\r\n<p>De acuerdo con lo establecido por el Reglamento (UE) 2016\/679 del Parlamento Europeo y del Consejo, le informamos que los datos personales aportados ser\u00e1n tratados por el Titular del presente Sitio, cuyos datos puede consultar en el apartado \u201cIdentidad del titular de este sitio web\u201d del presente Aviso Legal.<\/p>\r\n\r\n<p>&nbsp;<\/p>\r\n\r\n<h3 class=\"wp-block-heading\"><strong>\u00bfCON QU\u00c9 FINALIDAD TRATAMOS SUS DATOS PERSONALES?<\/strong><\/h3>\r\n\r\n<p>Los datos aportados por usted son necesarios para poder prestarle con todas las garant\u00edas el servicio solicitado, y ser\u00e1n tratados con las siguientes finalidades:<br \/>Prestar el servicio demandado por el usuario y que ofrece el entorno digital, su mantenimiento y mejora, a base de estudios, elaboraci\u00f3n de perfiles, segmentaciones sobre sus datos y\/o cruces con otras bases de datos responsabilidad del Titular del presente Sitio Web. Ofrecer promociones, ofertas o acciones publicitarias ligadas a la condici\u00f3n de Cliente, a trav\u00e9s de medios de comunicaci\u00f3n electr\u00f3nica u otros, facilitar su gesti\u00f3n de compra y la relaci\u00f3n con el Titular del presente Sitio Web. Gesti\u00f3n de clientes, contable, fiscal y administrativa, Otras finalidades relacionadas con el buen fin del servicio de compra venta tradicional y online. Cumplimiento de las obligaciones fiscales y tributarias.<\/p>\r\n\r\n<p>&nbsp;<\/p>\r\n\r\n<h3 class=\"wp-block-heading\"><strong>\u00bfPOR CU\u00c1NTO TIEMPO CONSERVAREMOS SUS DATOS?<\/strong><\/h3>\r\n\r\n<p>Salvo inter\u00e9s leg\u00edtimo del Responsable, los datos proporcionados se conservar\u00e1n mientras no se solicite la supresi\u00f3n por el interesado.<\/p>\r\n\r\n<p>&nbsp;<\/p>\r\n\r\n<h3 class=\"wp-block-heading\"><strong>\u00bfCU\u00c1L ES LA LEGITIMACI\u00d3N PARA EL TRATAMIENTO DE SUS DATOS?<\/strong><\/h3>\r\n\r\n<p>Los intereses leg\u00edtimos del responsable del tratamiento para realizar el tratamiento de sus datos es la ejecuci\u00f3n del contrato suscrito con nosotros, as\u00ed como los propios derivados de las obligaciones legales que de la actividad se derivan, y en otros casos el mero consentimiento del interesado.<\/p>\r\n\r\n<p>&nbsp;<\/p>\r\n\r\n<h3 class=\"wp-block-heading\"><strong>\u00bfA QU\u00c9 DESTINATARIOS SE COMUNICAR\u00c1N SUS DATOS?<\/strong><\/h3>\r\n\r\n<p>Para cumplir con las finalidades previstas, sus datos podr\u00e1n ser comunicados a: Organizaciones o personas directamente relacionadas con el responsable. Empresas de mensajer\u00eda. Administraci\u00f3n y Autoridades en funci\u00f3n de cumplimientos legales. Todas las empresas vinculadas al Titular del presente Sitio Web.<\/p>\r\n\r\n<p>&nbsp;<\/p>\r\n\r\n<h3 class=\"wp-block-heading\"><strong>\u00bfCU\u00c1LES SON SUS DERECHOS CUANDO NOS FACILITA SUS DATOS?<\/strong><\/h3>\r\n\r\n<p>Cualquier persona tiene derecho a solicitar el acceso, rectificaci\u00f3n, supresi\u00f3n, limitaci\u00f3n del tratamiento, oposici\u00f3n o derecho a la portabilidad de sus datos personales, escribi\u00e9ndonos a nuestra direcci\u00f3n postal o electr\u00f3nica indicada en el apartado \u201cIdentidad del titular de este sitio web\u201d del presente Aviso Legal, comunic\u00e1ndonos el derecho que desea ejercer.<br \/>Tendr\u00e1 derecho igualmente a retirar el consentimiento prestado en cualquier momento. La retirada del consentimiento no afectar\u00e1 a la licitud del tratamiento efectuado antes de la retirada de dicho consentimiento.<br \/>Tiene derecho a presentar una reclamaci\u00f3n ante la autoridad de control si considera que pueden haber sido vulnerados sus derechos en lo concerniente a la protecci\u00f3n de sus datos personales.<\/p>\r\n\r\n<p>Este Sitio Web utiliza cookies propias y de terceros para ofrecerle una mejor experiencia y servicio. Al navegar o utilizar nuestros servicios el usuario acepta el uso que hacemos de las cookies. Sin embargo, el usuario tiene la opci\u00f3n de impedir la generaci\u00f3n de cookies y la eliminaci\u00f3n de las mismas mediante la selecci\u00f3n de la correspondiente opci\u00f3n en su navegador. En caso de bloquear el uso de cookies en su navegador es posible que algunos servicios o funcionalidades del Sitio Web no est\u00e9n disponibles.<\/p>\r\n\r\n<p>&nbsp;<\/p>\r\n\r\n<h3 class=\"wp-block-heading\">\u00bfQu\u00e9 es una cookie?<\/h3>\r\n\r\n<p>Una cookie es un peque\u00f1o fragmento de texto que los sitios web env\u00edan al navegador y que se almacenan en el terminal del usuario, el cual puede ser un ordenador personal, un tel\u00e9fono m\u00f3vil, una tablet, etc. Estos archivos permiten que el sitio web recuerde informaci\u00f3n sobre su visita, como el idioma y las opciones preferidas, lo que puede facilitar su pr\u00f3xima visita y hacer que el sitio resulte m\u00e1s \u00fatil al personalizar su contenido. Las cookies desempe\u00f1an un papel muy importante, al mejorar la experiencia de uso de la Web.<\/p>\r\n\r\n<p>&nbsp;<\/p>\r\n\r\n<h3 class=\"wp-block-heading\">\u00bfPara qu\u00e9 usamos las cookies en este Sitio Web?<\/h3>\r\n\r\n<p>Al navegar por este Sitio Web el usuario est\u00e1 aceptando que se puedan instalar cookies en su terminal y que nos permiten:<\/p>\r\n\r\n<p>&nbsp;<\/p>\r\n\r\n<ul class=\"wp-block-list\">\r\n<li>Hacer que este sitio web funcione correctamente<\/li>\r\n<li>Recordar sus ajustes y preferencias durante y entre las visitas<\/li>\r\n<li>Ahorrarle el tener que iniciar sesi\u00f3n cada vez que visita este sitio<\/li>\r\n<li>Mejorar la velocidad y seguridad del sitio<\/li>\r\n<li>Permitirle que pueda compartir p\u00e1ginas con redes sociales<\/li>\r\n<li>Conocer su experiencia de navegaci\u00f3n para mejorar continuamente este sitio web<\/li>\r\n<li>Recopilar informaci\u00f3n estad\u00edstica an\u00f3nima, como qu\u00e9 p\u00e1ginas ha visto o cu\u00e1nto tiempo ha permanecido en el sitio web.<\/li>\r\n<\/ul>\r\n\r\n<p>&nbsp;<\/p>\r\n\r\n<h3 class=\"wp-block-heading\">\u00bfQu\u00e9 tipos de cookies utilizamos?<\/h3>\r\n<p><strong><span style=\"color: #ff6600;\">ACTUALIZACI\u00d3N ENERO 2026: ESTE SITIO YA NO UTILIZA COOKIES PARA SU FUNCIONAMIENTO<\/span><\/strong><\/p>\r\n\r\n<p>Este Sitio Web utiliza tanto cookies temporales de sesi\u00f3n como cookies permanentes. Las cookies de sesi\u00f3n almacenan datos \u00fanicamente mientras el usuario accede al Web y las cookies permanentes almacenan los datos en el terminal para que sean accedidos y utilizados en m\u00e1s de una sesi\u00f3n.<\/p>\r\n\r\n<p>Seg\u00fan la finalidad para la que se traten los datos obtenidos a trav\u00e9s de las cookies, el Sitio Web puede utilizar:<\/p>\r\n\r\n<p><strong>Cookies t\u00e9cnicas<br \/><\/strong>Son aquellas que permiten al usuario la navegaci\u00f3n a trav\u00e9s del Sitio Web y la utilizaci\u00f3n de las diferentes opciones o servicios que en ella existen. Por ejemplo, identificar la sesi\u00f3n, acceder a los apartados web de acceso restringido, recordar los elementos que integran un pedido, realizar una solicitud a trav\u00e9s de un formulario de contacto, utilizar elementos de seguridad durante la navegaci\u00f3n, etc.<\/p>\r\n\r\n<p><strong>Cookies de personalizaci\u00f3n<br \/><\/strong>Son aquellas que permiten al usuario acceder al servicio con algunas caracter\u00edsticas de car\u00e1cter general predefinidas en su terminal o que el propio usuario defina. Por ejemplo, el idioma, el tipo de navegador a trav\u00e9s del cual accede al servicio, el dise\u00f1o de contenidos seleccionado, geolocalizaci\u00f3n del terminal y la configuraci\u00f3n regional desde donde se accede al servicio.<\/p>\r\n\r\n<p>&nbsp;<\/p>\r\n\r\n<h3 class=\"wp-block-heading\">\u00a0<\/h3>\r\n\r\n<p>&nbsp;<\/p>\r\n\r\n<figure class=\"wp-block-table\">\r\n<table>\r\n<tbody>\r\n<tr>\r\n<td>COOKIE<\/td>\r\n<td>FINALIDAD<\/td>\r\n<td>DOMINIO<\/td>\r\n<td>CADUCIDAD<\/td>\r\n<\/tr>\r\n<tr>\r\n<td>_icl_current_language<\/td>\r\n<td>Recoge el idioma de la web en el que navega el usuario<\/td>\r\n<td>www.jomer.es<\/td>\r\n<td>Sesi\u00f3n<\/td>\r\n<\/tr>\r\n<tr>\r\n<td>PHPSESSID<\/td>\r\n<td>Cookies t\u00e9cnica, permite que las variables de SESI\u00d3N sean guardadas en el servidor web. Necesaria para el funcionamiento de la web.<\/td>\r\n<td>www.jomer.es<\/td>\r\n<td>Sesi\u00f3n<\/td>\r\n<\/tr>\r\n<tr>\r\n<td>woocommerce_recently_viewed<\/td>\r\n<td>Recoge qu\u00e9 productos ha visto el usuario en la tienda.<\/td>\r\n<td>www.jomer.es<\/td>\r\n<td>Sesi\u00f3n<\/td>\r\n<\/tr>\r\n<tr>\r\n<td>woocommerce_cart_hash<\/td>\r\n<td>Permite la funcionalidad de la cesta de la compra.<\/td>\r\n<td>www.jomer.es<\/td>\r\n<td>Sesi\u00f3n<\/td>\r\n<\/tr>\r\n<tr>\r\n<td>woocommerce_items_in_cart<\/td>\r\n<td>Recoge si se han a\u00f1adido productos al carrito.<\/td>\r\n<td>www.jomer.es<\/td>\r\n<td>Sesi\u00f3n<\/td>\r\n<\/tr>\r\n<tr>\r\n<td>wp_woocommerce_session<\/td>\r\n<td>Identificador \u00fanico de usuario.<\/td>\r\n<td>www.jomer.es<\/td>\r\n<td>2 d\u00edas<\/td>\r\n<\/tr>\r\n<tr>\r\n<td>c_jomer.es<\/td>\r\n<td>Cookies t\u00e9cnica, que almacena si se ha aceptado la pol\u00edtica de cookies. Es decir, si se ha navegado.<\/td>\r\n<td>www.jomer.es<\/td>\r\n<td>6 meses<\/td>\r\n<\/tr>\r\n<\/tbody>\r\n<\/table>\r\n<\/figure>\r\n\r\n<p><strong>Cookies de an\u00e1lisis estad\u00edstico<br \/><\/strong>Son aquellas que permiten realizar el seguimiento y an\u00e1lisis del comportamiento de los usuarios en los sitios web. La informaci\u00f3n recogida mediante este tipo de cookies se utiliza en la medici\u00f3n de la actividad de los sitios web y para la elaboraci\u00f3n de perfiles de navegaci\u00f3n de los usuarios de dichos sitios, con el fin de introducir mejoras en el servicio en funci\u00f3n de los datos de uso que hacen los usuarios.<\/p>\r\n\r\n<p><strong>Cookies de terceros<br \/><\/strong>En algunas p\u00e1ginas Web se pueden instalar cookies de terceros que permiten gestionar y mejorar los servicios ofrecidos. En el caso de este Sitio Web, por ejemplo, los servicios estad\u00edsticos de Google Analytics,\u00a0prestado por Google, Inc., empresa ubicada en Estados Unidos. Tambi\u00e9n cookies de redes sociales pueden almacenarse en su navegador mientras navega cuando por ejemplo utiliza el bot\u00f3n de compartir contenidos de este Sitio Web en alguna red social. En este caso, las implicaciones de privacidad estar\u00e1n en funci\u00f3n a cada red social y depender\u00e1n de la configuraci\u00f3n de privacidad que ha elegido en estas redes. En ning\u00fan caso, ni el responsable de este Sitio Web ni los anunciantes pueden obtener informaci\u00f3n personal identificable de estas cookies.<\/p>\r\n\r\n<p>&nbsp;<\/p>\r\n\r\n<p>&nbsp;<\/p>\r\n\r\n<figure class=\"wp-block-table\">\r\n<table>\r\n<tbody>\r\n<tr>\r\n<th>Nombre de la cookie<\/th>\r\n<th>Duraci\u00f3n<\/th>\r\n<th>Descripci\u00f3n<\/th>\r\n<\/tr>\r\n<tr>\r\n<td><code>_ga<\/code><\/td>\r\n<td>2 a\u00f1os<\/td>\r\n<td>Se usa para distinguir a los usuarios.<\/td>\r\n<\/tr>\r\n<tr>\r\n<td><code>_gid<\/code><\/td>\r\n<td>24\u00a0horas<\/td>\r\n<td>Se usa para distinguir a los usuarios.<\/td>\r\n<\/tr>\r\n<tr>\r\n<td><code>_gat<\/code><\/td>\r\n<td>1\u00a0minuto<\/td>\r\n<td>Se usa para limitar el porcentaje de solicitudes.<\/td>\r\n<\/tr>\r\n<tr>\r\n<td><code>AMP_TOKEN<\/code><\/td>\r\n<td>30\u00a0segundos a 1\u00a0a\u00f1o<\/td>\r\n<td>Incluye un token que se puede utilizar para recuperar un ID de cliente del servicio de ID de cliente de AMP. Otros posibles valores indican inhabilitaciones, solicitudes en curso o errores obtenidos al recuperar un ID del servicio de ID de cliente de AMP.<\/td>\r\n<\/tr>\r\n<tr>\r\n<td><code>_gac_&lt;property-id&gt;<\/code><\/td>\r\n<td>90\u00a0d\u00edas<\/td>\r\n<td>Incluye informaci\u00f3n de la campa\u00f1a relativa al usuario. Si has vinculado tus cuentas de Google Analytics y AdWords, las etiquetas de conversi\u00f3n de sitios web leer\u00e1n esta cookie, a menos que la inhabilites. <a href=\"https:\/\/support.google.com\/adwords\/answer\/7521212\">M\u00e1s informaci\u00f3n<\/a><\/td>\r\n<\/tr>\r\n<\/tbody>\r\n<\/table>\r\n<\/figure>\r\n\r\n<p>&nbsp;<\/p>\r\n\r\n<figure class=\"wp-block-table\">\r\n<table>\r\n<tbody>\r\n<tr>\r\n<th>Nombre de cookie<\/th>\r\n<th>Duraci\u00f3n predeterminada<\/th>\r\n<th>Descripci\u00f3n<\/th>\r\n<\/tr>\r\n<tr>\r\n<td><code>__utma<\/code><\/td>\r\n<td>Dos a\u00f1os a partir de la configuraci\u00f3n o actualizaci\u00f3n<\/td>\r\n<td>Se usa para distinguir usuarios y sesiones. La cookie se crea cuando se ejecuta la biblioteca JavaScript y no hay ninguna cookie __utma. La cookie se actualiza cada vez que se env\u00edan datos a Google Analytics.<\/td>\r\n<\/tr>\r\n<tr>\r\n<td><code>__utmt<\/code><\/td>\r\n<td>10 minutos<\/td>\r\n<td>Se usa para limitar el porcentaje de solicitudes.<\/td>\r\n<\/tr>\r\n<tr>\r\n<td><code>__utmb<\/code><\/td>\r\n<td>30 minutos a partir de la configuraci\u00f3n o actualizaci\u00f3n<\/td>\r\n<td>Se usa para determinar nuevas sesiones o visitas. La cookie se crea cuando se ejecuta la biblioteca JavaScript y no hay ninguna cookie __utmb. La cookie se actualiza cada vez que se env\u00edan datos a Google Analytics.<\/td>\r\n<\/tr>\r\n<tr>\r\n<td><code>__utmc<\/code><\/td>\r\n<td>Fin de la sesi\u00f3n del navegador<\/td>\r\n<td>No se usa en ga.js. Se configura para interactuar con urchin.js. Anteriormente, esta cookie actuaba junto con la cookie <code>__utmb<\/code> para determinar si el usuario estaba en una nueva sesi\u00f3n o visita.<\/td>\r\n<\/tr>\r\n<tr>\r\n<td><code>__utmz<\/code><\/td>\r\n<td>Seis meses a partir de la configuraci\u00f3n o actualizaci\u00f3n<\/td>\r\n<td>Almacena la fuente de tr\u00e1fico o la campa\u00f1a que explica c\u00f3mo ha llegado el usuario al sitio. La cookie se crea cuando se ejecuta la biblioteca JavaScript y se actualiza cada vez que se env\u00edan datos a Google Analytics.<\/td>\r\n<\/tr>\r\n<tr>\r\n<td><code>__utmv<\/code><\/td>\r\n<td>Dos a\u00f1os a partir de la configuraci\u00f3n o actualizaci\u00f3n<\/td>\r\n<td>Se usa para almacenar datos de variables personalizadas de visitante. Esta cookie se crea cuando un programador usa el m\u00e9todo <code>_setCustomVar<\/code> con una variable personalizada de visitante. Tambi\u00e9n se usaba para el m\u00e9todo <code>_setVar<\/code> retirado. La cookie se actualiza cada vez que se env\u00edan datos a Google Analytics.<\/td>\r\n<\/tr>\r\n<\/tbody>\r\n<\/table>\r\n<\/figure>\r\n\r\n<p>&nbsp;<\/p>\r\n\r\n<h3 class=\"wp-block-heading\">\u00bfC\u00f3mo puedo gestionar o desactivar las cookies?<\/h3>\r\n<p>Haga clic aqu\u00ed: [cookie_settings]<\/p>\r\n<p>Adem\u00e1s, en el caso de que desee que el sitio web no instale cookies en su equipo, tiene la posibilidad de configurar su navegador de modo que se le notifique antes de que se descargue cualquier cookie. Asimismo, puede tambi\u00e9n modificar la configuraci\u00f3n de su navegador de modo que rechace todas las cookies o \u00fanicamente las cookies de terceros. Tambi\u00e9n puede eliminar cualquiera de las cookies que ya se encuentren en su equipo.\u00a0Le recordamos que si rechaza la instalaci\u00f3n de cookies, puede que la funcionalidad del sitio web se vea afectado y que ello impida la correcta utilizaci\u00f3n parcial o total del mismo.<\/p>\r\n\r\n<p>Para su informaci\u00f3n, en el caso de que desee\u00a0impedir la instalaci\u00f3n de las mencionadas cookies, le facilitamos unos enlaces al efecto con la informaci\u00f3n oportuna para los navegadores cuyo uso se considera m\u00e1s extendido:\u00a0<a href=\"https:\/\/support.google.com\/chrome\/answer\/95647?hl=es-419\" target=\"_blank\" rel=\"noreferrer noopener\">Google Chrome<\/a><a href=\"https:\/\/support.google.com\/chrome\/answer\/95647?hl=es-419\" target=\"_blank\" rel=\"noreferrer noopener\">\u00a0|\u00a0<\/a><a href=\"https:\/\/support.microsoft.com\/es-es\/help\/17442\/windows-internet-explorer-delete-manage-cookies#ie=ie-10\" target=\"_blank\" rel=\"noreferrer noopener\">Internet Explorer<\/a><a href=\"https:\/\/support.google.com\/chrome\/answer\/95647?hl=es-419\" target=\"_blank\" rel=\"noreferrer noopener\">\u00a0|\u00a0<\/a><a href=\"https:\/\/support.mozilla.org\/es\/kb\/habilitar-y-deshabilitar-cookies-sitios-web-rastrear-preferencias?redirectlocale=es&amp;redirectslug=habilitar-y-deshabilitar-cookies-que-los-sitios-we\" target=\"_blank\" rel=\"noreferrer noopener\">Mozilla Firefox<\/a><a href=\"https:\/\/support.google.com\/chrome\/answer\/95647?hl=es-419\" target=\"_blank\" rel=\"noreferrer noopener\">\u00a0|\u00a0<\/a><a href=\"https:\/\/support.apple.com\/es-lamr\/HT201265\" target=\"_blank\" rel=\"noreferrer noopener\">Apple Safari<\/a><\/p>\r\n\r\n<p>Jomer Selecci\u00f3n SL se reserva el derecho a cambiar esta pol\u00edtica en cualquier momento. Por favor, revisa la Pol\u00edtica de Privacidad con regularidad.. Jomer Selecci\u00f3n SL adoptar\u00e1 medidas razonables para notificarte cualquier cambio sustancial en nuestras pr\u00e1cticas de privacidad en relaci\u00f3n con el uso de la informaci\u00f3n que hayas suministrado a Jomer Selecci\u00f3n SL<\/p>\r\n\r\n<p>La base jur\u00eddica para el tratamiento de sus datos de car\u00e1cter personal se encuentra en: el propio consentimiento que Ud. nos ha proporcionado, en la ejecuci\u00f3n de un contrato de prestaci\u00f3n de servicios.<\/p>\r\n<h3><strong>Pol\u00edtica de devoluciones<\/strong><\/h3>\r\n<p>Jomer Selecci\u00f3n SL no garantiza a sus clientes la disponibilidad ni el plazo de entrega de los productos que se ofrecen en su sitio web excepto la de los productos en los que expresamente se cite una determinada garant\u00eda. El cat\u00e1logo que se muestra es meramente orientativo ya que los fabricantes o distribuidores no comunican anticipadamente las existencias ni garantizan plazos de entrega. Esta situaci\u00f3n impide a Jomer Selecci\u00f3n SL la posibilidad de informar con exactitud a sus clientes sobre la disponibilidad de los productos as\u00ed como a garantizar un plazo de entrega determinado que, en todo caso, depender\u00e1 del tiempo que tarde el fabricante o el distribuidor en suministrar el producto.<\/p>\r\n<p>Jomer Selecci\u00f3n SL garantiza a sus clientes la posibilidad de anular su pedido en cualquier momento y sin ning\u00fan coste siempre que la anulaci\u00f3n se comunique antes de que el pedido haya sido puesto a disposici\u00f3n del transportista para su env\u00edo.<\/p>\r\n<p>En estos casos, Jomer Selecci\u00f3n SL, devolver\u00e1 el dinero de la compra a trav\u00e9s de un abono en la tarjeta de cr\u00e9dito, mediante una transferencia bancaria a la cuenta indicada por el cliente o mediante abono en su cuenta personal.<br \/>Si un producto distinto al solicitado por el cliente fuera entregado por error de Jomer Selecci\u00f3n SL, \u00e9ste le ser\u00e1 retirado y se le entregar\u00e1 el producto correcto sin ning\u00fan cargo adicional para el comprador.<\/p>\r\n<p>Seg\u00fan lo dispuesto en el art\u00edculo 4 del Real Decreto 1905\/99, de 17 de diciembre, el cliente dispondr\u00e1 de 24 Horas para la devoluci\u00f3n de los productos perecederos sin penalizaci\u00f3n alguna a su cargo. Este derecho de devoluci\u00f3n se limita a un m\u00e1ximo de 24 horas a contar desde la entrega o la recogida de la compra.<\/p>\r\n<p>Quedan exceptuados del derecho de desistimiento los contratos de suministro de productos confeccionados conforme a las especificaciones del consumidor y usuario o claramente personalizados, o que, por su naturaleza, no puedan ser devueltos o puedan deteriorarse o caducar con rapidez.<\/p>\r\n<p>La devoluci\u00f3n de los productos se har\u00e1 en el mismo envase en el que se recibi\u00f3 ya adecuando este al volumen devuelto para que en el traslado no sufra deterioro. Una vez recibido el producto se comprobar\u00e1 el estado del mismo y si corresponde, se abonar\u00e1 el importe del mismo por el mismo medio en el que realiz\u00f3 el pago.<\/p>\r\n<p>Los gastos de env\u00edo de devoluci\u00f3n corren por cuenta del cliente siempre y cuando esta devoluci\u00f3n sea por motivos que no competen a nuestro est\u00e1ndar de calidad. Si la devoluci\u00f3n se origina por un mal estado del producto, previa autorizaci\u00f3n de Jomer Selecci\u00f3n SL, se dar\u00e1 orden de recogida en su domicilio sin ning\u00fan coste para el cliente.<\/p>\r\n<p><span class=\"s1\">\u00a0<\/span><\/p>\r\n<p>Para cualquier incidencia relacionada con la devoluci\u00f3n de art\u00edculos de nuestra tienda puede contactar con nuestro Departamento de Atenci\u00f3n al cliente v\u00eda email: <a href=\"mailto:jomer@jomer.es\">tienda@jomer.es<\/a> o por tel\u00e9fono 948 820 641.<\/p>\r\n\r\n<p>&nbsp;<\/p>\r\n\r\n<h3 class=\"wp-block-heading\"><strong>LIMITACI\u00d3N DE RESPONSABILIDAD<\/strong><\/h3>\r\n\r\n<p>Jomer Selecci\u00f3n SL no se hace responsable de los da\u00f1os o perjuicios, directos o indirectos, derivados del uso de este portal, incluidos da\u00f1os a sistemas inform\u00e1ticos, introducci\u00f3n de virus y da\u00f1os originados por cualquier decisi\u00f3n tomada en base a la informaci\u00f3n contenida en el mismo. Jomer Selecci\u00f3n SL recomienda solicitar confirmaci\u00f3n escrita de la informaci\u00f3n, en caso de necesidad.<\/p>\r\n\r\n<p>Jomer Selecci\u00f3n SL no garantiza que sus p\u00e1ginas se encuentren operativas, ni que sus contenidos sean completos, exactos o fiables en todo momento.<\/p>\r\n<p><strong>Precios con env\u00edo e IVA incluido (4% productos frescos, 10% productos congelados)<\/strong><\/p>\r\n<p>[\/vc_column_text][\/vc_column][\/vc_row]<\/p><\/div>","protected":false},"excerpt":{"rendered":"<p>[vc_row][vc_column][vc_column_text] Identidad del titular de este sitio web Raz\u00f3n Social Jomer Seleccion S.L.Direcci\u00f3n: c\/corella s\/n, 31500 Tudela, Navarra.Tel\u00e9fono 948820641Email tienda@jomer.esCIF&hellip; <\/p>\n","protected":false},"author":1,"featured_media":0,"parent":0,"menu_order":0,"comment_status":"closed","ping_status":"open","template":"","meta":{"footnotes":""},"class_list":["post-3","page","type-page","status-publish","hentry"],"_links":{"self":[{"href":"https:\/\/www.jomer.es\/tienda\/wp-json\/wp\/v2\/pages\/3","targetHints":{"allow":["GET"]}}],"collection":[{"href":"https:\/\/www.jomer.es\/tienda\/wp-json\/wp\/v2\/pages"}],"about":[{"href":"https:\/\/www.jomer.es\/tienda\/wp-json\/wp\/v2\/types\/page"}],"author":[{"embeddable":true,"href":"https:\/\/www.jomer.es\/tienda\/wp-json\/wp\/v2\/users\/1"}],"replies":[{"embeddable":true,"href":"https:\/\/www.jomer.es\/tienda\/wp-json\/wp\/v2\/comments?post=3"}],"version-history":[{"count":1,"href":"https:\/\/www.jomer.es\/tienda\/wp-json\/wp\/v2\/pages\/3\/revisions"}],"predecessor-version":[{"id":2111,"href":"https:\/\/www.jomer.es\/tienda\/wp-json\/wp\/v2\/pages\/3\/revisions\/2111"}],"wp:attachment":[{"href":"https:\/\/www.jomer.es\/tienda\/wp-json\/wp\/v2\/media?parent=3"}],"curies":[{"name":"wp","href":"https:\/\/api.w.org\/{rel}","templated":true}]}}